1 + 13. List the prime factors of p.
2, 3
Let d = 19 + -11. What are the prime factors of d?
2
Let j = 105 - 63. List the prime factors of j.
2, 3, 7
Let w = -63 - -287. What are the prime factors of w?
2, 7
List the prime factors of (8/(-12))/((-2)/18).
2, 3
Let z(b) = b**3 + 10*b**2 - 2*b - 12. Let u(p) = -p**2. Let g(j) = 2*u(j) + z(j). Let h be (-1)/2*2 - 7. What are the prime factors of g(h)?
2
Suppose -12 = 3*b, 2*k - 52 = b + 4*b. Suppose 0 = -3*f - a + 44, 4*f - 4*a = 16 + k. Let r = f - 4. List the prime factors of r.
3
Let c = 10 - 8. Let i(z) = 2 + 0*z + z**2 - 5 + 4*z. What are the prime factors of i(c)?
3
Let c be 30/(-4) - 6/(-4). Let a be ((-100)/6)/(c/9). Let w = -12 + a. List the prime factors of w.
13
Suppose 0 = -j - 46 + 116. List the prime factors of j.
2, 5, 7
Suppose 0 = l - 0*l + 4. Let h be (-2)/(-8) - 6/(-8). Let z = h - l. List the prime factors of z.
5
Suppose -2*v = -3*y - 0*v + 52, 5*v - 31 = -4*y. Suppose 4*k = 98 + y. What are the prime factors of k?
2, 7
Suppose -9 = -2*u - 3. Let o = u - -3. Let g = o - -3. What are the prime factors of g?
3
Let r(v) = v**2 - 7*v + 6. Let z be r(6). Suppose 0 = f - z*f - 6. List the prime factors of f.
2, 3
Let g(j) = -2*j - j**2 - j**2 + j + j**3 - 5. List the prime factors of g(4).
23
Suppose z = -2, 4*z = 3*h + 3*z - 149. List the prime factors of h.
7
Let t = -16 + 214. What are the prime factors of t?
2, 3, 11
Let x(n) be the third derivative of n**5/30 - n**4/12 + n**2. What are the prime factors of x(-3)?
2, 3
Let x(u) = u - 1. Let f be x(1). Suppose -7*d + 2*d + 85 = f. List the prime factors of d.
17
Suppose 2*g - 94 = -2*k, 5 = 5*g - 0. Let p = 2 + k. Suppose 2*z + 2*a - 40 = 0, -5*z + a = -2*z - p. What are the prime factors of z?
17
Let k(q) = q**2 + q - 2. Let u be k(2). Suppose -8 + 16 = u*z. What are the prime factors of z?
2
Suppose 0 = -h + 17 + 3. List the prime factors of h.
2, 5
Let u(m) = m**2 + 13*m + 1. Let k(w) = w**2 + 12*w + 1. Let c(x) = 7*k(x) - 6*u(x). List the prime factors of c(-7).
2
Let f be -1 + -2*(-3)/6. Suppose -2*y + 0*y + b = -21, f = 2*y - 3*b - 27. List the prime factors of y.
3
Let r(w) = w**2 + w + 231. Let d be r(0). Suppose -4*j + 2*l = -3*l - 168, -d = -5*j + l. List the prime factors of j.
47
Let g(o) = o**3 - 10*o**2 + 10*o - 7. Let m be g(9). Suppose 0 = -3*f + 15, 5*h = -4*f + m*f + 100. What are the prime factors of h?
2, 3
Suppose 11 = 4*h - 13. Suppose 6*c - h = 3*c. Suppose -c*v - 3*q = -44, -q = -0*q - 4. List the prime factors of v.
2
Suppose 0 = -2*g + 16 + 10. Let s = g - -2. What are the prime factors of s?
3, 5
Let s = -53 + 249. List the prime factors of s.
2, 7
Let a be ((-16)/(-20))/(2/5). Let t(j) be the third derivative of j**5/20 + j**3/3 + 2*j**2. What are the prime factors of t(a)?
2, 7
Suppose 4*a - 105 = 23. List the prime factors of a.
2
Suppose 0*d = -d + 5. Let w = 6 - d. Let m = w - -2. What are the prime factors of m?
3
Let b = 206 - 1. What are the prime factors of b?
5, 41
Let r(w) = w**2 - 4*w - 5. List the prime factors of r(11).
2, 3
Let u be 12/28 - (-64)/14. Suppose -2*p - 3*m = -u - 29, 2*p + 4*m = 38. List the prime factors of p.
11
Suppose 4*r - 3*m = 24, -r = 4*r - 2*m - 23. Suppose l + l - 19 = w, -2*l - r*w = -15. List the prime factors of l.
3
Suppose 10*z - 340 = 5*z. Let x = -34 + z. List the prime factors of x.
2, 17
Let u be 4*-4*2/(-4). Let i(w) = -8*w - 2*w + 13 + w**3 + 0*w - u*w**2. List the prime factors of i(9).
2
Let u be (1 + -4)/(3/(-2)). Let o be (-44)/(-36) + (-2)/9. Suppose o + 13 = u*b. What are the prime factors of b?
7
Let r = 4 - 5. Let j be r + 4 - (-39)/(-3). Let a = j - -22. List the prime factors of a.
2, 3
Suppose x = -0*x. Suppose 3*y - 138 = -s, -2*y - s + 77 + 16 = x. Suppose 3*f - 4*u - 1 = -2, 5*f - y = -5*u. What are the prime factors of f?
5
Suppose 4*f = 14 + 10. Suppose -4 = -q + f. What are the prime factors of q?
2, 5
Let a(g) = g**3 + 16*g**2 - 40*g - 9. List the prime factors of a(-18).
3, 7
Suppose -q + 2*q = 16. Suppose -q*y + 68 = -12*y. List the prime factors of y.
17
Let q be 3/((-3)/1) + 3. Suppose -12 = -z - 3*p, 0 = 3*z + q*z - 3*p - 42. What are the prime factors of z?
3
Let n(u) = u**2 + u - 7. What are the prime factors of n(-4)?
5
Let d(z) = z**2 + 2*z - 6. List the prime factors of d(-5).
3
Let v = -2 + 4. Suppose -v*u - 2 = 2*f + 4, f = u + 7. List the prime factors of 2/3*3*f.
2
Suppose -4*u - 6*z = -z - 46, 0 = 2*u - 3*z - 34. Let d(i) = 6*i + 6*i + 1 + i**2 - i + u. List the prime factors of d(-10).
5
Let a be (1 + 15/6)*2. Let b(n) = n + 3. List the prime factors of b(a).
2, 5
Let d(w) = -w**2 + 14*w - 11. Let k be d(13). List the prime factors of ((-3)/(-6))/(k/192).
2, 3
Let c be (-6)/27*3*-51. Let z be 0 + 1 - (1 + 0). Suppose z = -3*d + c + 2. What are the prime factors of d?
2, 3
Let n be (-208)/7 + (-2)/7. Let i = n - -51. What are the prime factors of i?
3, 7
Suppose -3*h + 2 = 11. What are the prime factors of (-1)/(-1*h/(-21))?
7
What are the prime factors of -2 + 0 - (-222)/(-6)*-2?
2, 3
Let w(k) = 6*k + 4. Let h(x) = 7*x + 5. Let b(j) = -5*h(j) + 6*w(j). Let a be b(3). Suppose 0 = v + 4*q - 3, -a*q = 3*v - 5*v + 36. List the prime factors of v.
3, 5
Let c(h) = h**2 + 1. Let r be c(-1). Let k be 3/r*14/3. Let l = -5 + k. What are the prime factors of l?
2
Let g(n) = -2*n + 6. Let c be g(5). Let o be -1 + -3 - (c - -2). Let j = o - -11. What are the prime factors of j?
3
List the prime factors of ((-4)/18 - (-38)/9)*2.
2
Let x = -17 + 23. Let c = x - -26. List the prime factors of c.
2
Let n(t) = -4*t**3 + t - t**2 + 0 + 3 - 2. Let m be (-3)/2 + 3/6. What are the prime factors of n(m)?
3
What are the prime factors of 4 + (68 + 0)/2?
2, 19
Let l(t) = t - 11. Let p be 12*(-2 + 5/2). Let g be l(p). Let h = 9 + g. List the prime factors of h.
2
Let d = 42 - 14. List the prime factors of d.
2, 7
What are the prime factors of 4/(-3 - 111/(-36))?
2, 3
Let u be 3*(20/4 + -2). Suppose -3*c + 36 = -u. List the prime factors of c.
3, 5
Let q(z) = -z - 5 + 3*z + z. List the prime factors of q(4).
7
Let u = -2 + 0. Let q be u/9 - 16/9. Let t = q + 10. What are the prime factors of t?
2
Let n be (-1 - (-1 + -2)) + 0. Suppose 55 = 5*s + 5*r, -n*r - 2 = 3*s - 6*r. What are the prime factors of s?
2, 3
What are the prime factors of 9*(-4 + (-17)/(-3))?
3, 5
Let y(d) = 3*d. Let v be y(2). Suppose -1 = n - v. What are the prime factors of n?
5
Suppose -9*j + 6*j = -120. What are the prime factors of j?
2, 5
Let l(p) = p**2 - p + 44. Let h(d) = d**2 - 3*d - 4. Let g be h(4). Let k be l(g). Suppose 0 = 2*o + 8, -3*c + o = 2*c - k. What are the prime factors of c?
2
Let o(b) = b**3 + 6*b**2 - 2*b - 4. Let x be o(-6). Suppose -3*v = v - x. Suppose n + 9 = p, -v*n - 3*n = 3*p + 5. List the prime factors of p.
5
Let h(d) = d**3 - d**2 - 3*d - 3. Let v = 5 - 2. Let t be h(v). What are the prime factors of 15*t/9 + -1?
3
Let g(b) = -b**3 + b**2 + 2. Let k be g(0). Suppose -t + 8 = -k. Let m = 20 - t. List the prime factors of m.
2, 5
Suppose -4*h + 2 = -3*h. Suppose -h*q + 4*q = 20. What are the prime factors of q?
2, 5
Let j = 37 - 25. Suppose r + r = j. What are the prime factors of r?
2, 3
Let z = 264 + -143. What are the prime factors of z?
11
Suppose -2*f + 161 = 3*f - 4*x, 2*f = 2*x + 64. What are the prime factors of f?
3, 11
Let y be 3/(-3)*(-2 + 13). Let h = y - -24. List the prime factors of h.
13
Suppose 4*n = 4*u + 228, -4*n - u = 2*u - 228. Let l = 113 - n. Suppose 4*d = 7 - 3, -3*b + d = -l. What are the prime factors of b?
19
Suppose -k + 21 = -81. Let r = k - 67. List the prime factors of r.
5, 7
Suppose 6*l = 4*l - 2*i + 296, 2*l + 5*i - 299 = 0. What are the prime factors of l?
3, 7
Let t = 392 + -213. What are the prime factors of t?
179
Suppose 9*a = 4*a + 20. Suppose a*j = -2*n - 0*n + 32, 0 = n + j - 16. List the prime factors of n.
2
Suppose -12 = -3*w - 0. Suppose -4*r + 2*i - 4 = 0, 3*i = -w*r + 2*r + 14. Let j = 13 - r. List the prime factors of j.
2, 3
What are the prime factors of -2*(6/(-3) + -6)?
2
Suppose 5*c - 9 = -h + 5, h = c + 2. List the prime factors of c.
2
Let q(l) = l**3 - 8*l**2 + l - 8. Let b be q(8). Suppose 3*v - 5*a - 5 = b, v + 3*a + 32 = -3*v. List the prime factors of (-1 - v)*18/8.
3
Let i(y) = 2*y*